90?
False
Is 3424 a multiple of 19?
False
Does 38 divide 415?
False
Does 3 divide 401?
False
Is 51 a factor of 9427?
False
Does 13 divide 3874?
True
Does 58 divide 476?
False
Does 2 divide 3527?
False
Is 1026 a multiple of 9?
True
Does 84 divide 7756?
False
Is 1768 a multiple of 4?
True
Is 459 a multiple of 9?
True
Is 32 a factor of 2154?
False
Is 54 a factor of 884?
False
Does 12 divide 504?
True
Is 1554 a multiple of 111?
True
Is 18376 a multiple of 39?
False
Is 5688 a multiple of 12?
True
Is 34761 a multiple of 20?
False
Is 42 a factor of 852?
False
Does 14 divide 506?
False
Does 30 divide 3120?
True
Does 16 divide 1072?
True
Is 7 a factor of 1505?
True
Is 97 a multiple of 5?
False
Is 1694 a multiple of 30?
False
Is 8415 a multiple of 11?
True
Does 14 divide 5544?
True
Does 53 divide 742?
True
Is 13 a factor of 750?
False
Does 49 divide 3900?
False
Is 52 a factor of 416?
True
Is 77611 a multiple of 13?
False
Is 3120 a multiple of 5?
True
Is 82 a multiple of 58?
False
Is 69 a factor of 33327?
True
Is 1956 a multiple of 6?
True
Is 7 a factor of 6965?
True
Is 83 a factor of 24568?
True
Is 431 a multiple of 36?
False
Does 18 divide 951?
False
Does 10 divide 479?
False
Does 11 divide 440?
True
Is 63811 a multiple of 180?
False
Does 8 divide 1289?
False
Does 21 divide 301?
False
Is 240 a multiple of 14?
False
Is 43 a factor of 129?
True
Is 20 a factor of 840?
True
Does 46 divide 10534?
True
Is 16 a factor of 32?
True
Does 46 divide 3149?
False
Is 22 a factor of 2937?
False
Is 688 a multiple of 27?
False
Is 1638 a multiple of 13?
True
Does 18 divide 2589?
False
Is 6 a factor of 1474?
False
Is 12 a factor of 5328?
True
Is 4154 a multiple of 61?
False
Is 128 a factor of 66688?
True
Is 547 a multiple of 22?
False
Is 18 a factor of 63752?
False
Is 306 a multiple of 3?
True
Is 9 a factor of 7227?
True
Is 14507 a multiple of 38?
False
Is 4 a factor of 254?
False
Is 829 a multiple of 6?
False
Does 62 divide 1071?
False
Is 1279 a multiple of 6?
False
Does 14 divide 98210?
True
Is 2334 a multiple of 15?
False
Is 26 a factor of 4506?
False
Does 46 divide 10689?
False
Is 12435 a multiple of 5?
True
Is 4032 a multiple of 144?
True
Is 9001 a multiple of 22?
False
Does 66 divide 924?
True
Is 74 a factor of 2045?
False
Does 14 divide 5124?
True
Does 9 divide 630?
True
Is 1422 a multiple of 3?
True
Does 23 divide 7291?
True
Is 66319 a multiple of 71?
False
Does 93 divide 148614?
True
Is 13 a factor of 3380?
True
Is 7508 a multiple of 71?
False
Is 178 a multiple of 8?
False
Is 230 a multiple of 12?
False
Does 21 divide 1407?
True
Is 10 a factor of 3590?
True
Is 1674 a multiple of 62?
True
Is 52 a factor of 260?
True
Is 20 a factor of 452?
False
Is 1669 a multiple of 39?
False
Does 138 divide 47232?
False
Is 880 a multiple of 10?
True
Is 22 a factor of 259?
False
Is 338 a multiple of 30?
False
Is 111 a multiple of 37?
True
Does 12 divide 916?
False
Is 82 a factor of 574?
True
Is 2951 a multiple of 13?
True
Does 43 divide 10750?
True
Is 227 a multiple of 4?
False
Is 13 a factor of 40547?
True
Is 15 a factor of 1077?
False
Is 72 a factor of 21888?
True
Is 95 a factor of 64092?
False
Is 20 a factor of 1140?
True
Is 7000 a multiple of 14?
True
Is 5913 a multiple of 23?
False
Does 82 divide 15178?
False
Does 53 divide 3074?
True
Is 3196 a multiple of 94?
True
Is 12144 a multiple of 94?
False
Is 642 a multiple of 9?
False
Is 19 a factor of 1403?
False
Does 82 divide 5084?
True
Is 2722 a multiple of 105?
False
Is 9 a factor of 909?
True
Is 35527 a multiple of 31?
False
Does 115 divide 13266?
False
Is 25 a factor of 200?
True
Is 143 a multiple of 3?
False
Does 19 divide 2477?
False
Is 12 a factor of 732?
True
Is 23 a factor of 277?
False
Does 18 divide 24725?
False
Does 54 divide 1047?
False
Does 32 divide 96?
True
Is 69 a factor of 20340?
False
Is 95 a factor of 3120?
False
Is 4738 a multiple of 16?
False
Is 38 a factor of 342?
True
Does 10 divide 370?
True
Does 105 divide 9371?
False
Is 53 a factor of 1855?
True
Is 1464 a multiple of 8?
True
Does 107 divide 18297?
True
Does 16 divide 592?
True
Is 100946 a multiple of 34?
True
Is 109 a factor of 981?
True
Is 23496 a multiple of 89?
True
Does 8 divide 18764?
False
Does 13 divide 195?
True
Does 8 divide 1488?
True
Is 3701 a multiple of 6?
False
Is 343 a multiple of 3?
False
Is 975 a multiple of 11?
False
Is 87 a factor of 11306?
False
Does 14 divide 910?
True
Is 7005 a multiple of 5?
True
Is 24988 a multiple of 214?
False
Does 26 divide 5720?
True
Is 7101 a multiple of 35?
False
Is 5147 a multiple of 7?
False
Does 112 divide 71344?
True
Is 6 a factor of 426?
True
Is 9785 a multiple of 61?
False
Does 118 divide 2044?
False
Does 19 divide 536?
False
Does 19 divide 206?
False
Is 5 a factor of 4416?
False
Is 291 even?
False
Does 22 divide 2769?
False
Does 7 divide 3710?
True
Is 22 a factor of 1298?
True
Is 146 a multiple of 2?
True
Is 76 a multiple of 32?
False
Is 23213 a multiple of 26?
False
Is 35476 a multiple of 362?
True
Is 54 a factor of 21492?
True
Is 1120 a multiple of 28?
True
Does 47 divide 235?
True
Is 49 a factor of 8697?
False
Does 24 divide 7560?
True
Does 7 divide 2842?
True
Is 19 a factor of 19760?
True
Does 13 divide 2169?
False
Is 51 a factor of 1790?
False
Is 1935 a multiple of 43?
True
Does 7 divide 17815?
True
Is 2 a factor of 65?
False
Does 27 divide 20277?
True
Is 1290 a multiple of 43?
True
Is 42 a factor of 4158?
True
Is 57 a factor of 466?
False
Is 26 a factor of 535?
False
Is 24 a multiple of 6?
True
Is 69 a factor of 31326?
True
Does 5 divide 510?
True
Is 53 a factor of 6784?
True
Is 27 a factor of 964?
False
Does 25 divide 14075?
True
Is 71 a factor of 25205?
True
Is 15333 a multiple of 21?
False
Does 43 divide 655?
False
Is 659 a multiple of 16?
False
Is 3 a factor of 2811?
True
Is 117 a factor of 13130?
False
Does 13 divide 18266?
False
Is 11 a factor of 100496?
True
Is 487 a multiple of 13?
False
Is 3315 a multiple of 85?
True
Does 120 divide 36240?
True
Does 140 divide 8874?
False
Is 9 a factor of 729?
True
Is 97 a multiple of 3?
False
Is 1036 a multiple of 74?
True
Is 5 a factor of 95?
True
Is 4984 a multiple of 185?
False
Does 11 divide 877?
False
Does 44 divide 26354?
False
Does 25 divide 9067?
False
Does 27 divide 405?
True
Is 15 a factor of 315?
True
Does 14 divide 518?
True
Is 304 a multiple of 37?
False
Is 3724 a multiple of 11?
False
Is 13812 a multiple of 11?
False
Is 115 a multiple of 23?
True
Is 14 a factor of 702?
False
Does 81 divide 2754?
True
Is 169 a factor of 2987?
False
Is 1860 a multiple of 15?
True
Is 69 a factor of 6108?
False
Is 72 a factor of 8928?
True
Is 2878 a multiple of 10?
False
Is 5199 a multiple of 58?
False
Does 123 divide 19680?
True
Is 359 a multiple of 5?
False
Is 13 a factor of 1011?
False
Is 53 a factor of 8851?
True
Is 35 a factor of 158?
False
Does 8 divide 13800?
True
Is 132 a multiple of 44?
True
Is 1247 a multiple of 84?
False
Is 5856 even?
True
Is 40 a factor of 240?
True
Is 4 a factor of 2961?
False
Is 236 a factor of 104076?
True
Is 15624 a multiple of 33?
False
Is 114 a multiple of 7?
False
Is 14 a factor of 1095?
False
Is 11 a factor of 24157?
False
Is 15084 a multiple of 36?
True
Is 50 a factor of 1000?
True
Is 2910 a multiple of 194?
True
Is 1386 a multiple of 11?
True
Is 3 a factor of 1561?
False
Does 103 divide 10403?
True
Is 34922 a multiple of 264?
False
Is 364 a multiple of 13?
True
Does 7 divide 60123?
True
Is 966 a multiple of 23?
True
Does 28 divide 12427?
False
Is 1521 a multiple of 29?
False
Is 5116 a multiple of 5?
False
Is 8 a factor of 3528?
True
Is 77 a factor of 21572?
False
Is 11 a factor of 154?
True
Does 35 divide 12281?
False
Is 430 a multiple of 11?
False
Does 2 divide 467?
False
Does 41 divide 463?
False
Is 1584 a multiple of 33?
True
Is 8 a factor of 8616?
True
Does 38 divide 2432?
True
Does 29 divide 42833?
True
Is 49 a factor of 2499?
True
Is 26486 a multiple of 323?
True
Does 3 divide 44?
False
Is 16 a factor of 14262?
False
Is 14 a factor of 5006?
False
Does 124 divide 1468?
False
Is 19891 a multiple of 4?
False
Is 158 a factor of 66518?
True
Does 73 divide 13432?
True
Is 51 a multiple of 3?
True
Is 34 a factor of 1168?
False
Is 3767 a multiple of 2?
False
Is 40 a factor of 783?
False
Is 14765 a multiple of 116?
Fals